 common factor of 26 and 394.
2
What is the highest common divisor of 81 and 486?
81
What is the greatest common divisor of 9 and 21?
3
Calculate the highest common divisor of 9 and 3879.
9
What is the greatest common factor of 17 and 221?
17
What is the highest common factor of 39 and 70629?
39
Calculate the highest common divisor of 63 and 1755.
9
Calculate the highest common factor of 18 and 102.
6
Calculate the greatest common factor of 65 and 13.
13
Calculate the greatest common factor of 40 and 780.
20
Calculate the highest common divisor of 78 and 8697.
39
What is the greatest common divisor of 48 and 390?
6
What is the greatest common factor of 268 and 603?
67
Calculate the greatest common factor of 159 and 265.
53
What is the greatest common factor of 9 and 1629?
9
Calculate the highest common factor of 79 and 395.
79
What is the greatest common factor of 418 and 342?
38
What is the greatest common factor of 125 and 20?
5
What is the greatest common divisor of 9 and 813?
3
What is the greatest common divisor of 92 and 48?
4
What is the highest common divisor of 198 and 561?
33
What is the highest common factor of 36 and 1476?
36
Calculate the greatest common divisor of 3350 and 600.
50
Calculate the highest common divisor of 227 and 908.
227
Calculate the greatest common divisor of 84 and 3.
3
What is the highest common factor of 28 and 175?
7
What is the greatest common divisor of 4 and 18888?
4
Calculate the highest common factor of 16 and 19.
1
What is the highest common divisor of 44 and 836?
44
Calculate the greatest common divisor of 47 and 1786.
47
Calculate the highest common factor of 28 and 49.
7
What is the greatest common factor of 5 and 10860?
5
Calculate the highest common divisor of 3841 and 92.
23
Calculate the highest common factor of 171 and 12217.
19
Calculate the greatest common divisor of 198 and 90.
18
Calculate the highest common divisor of 91 and 182.
91
Calculate the highest common divisor of 27 and 522.
9
What is the highest common factor of 845 and 1885?
65
Calculate the greatest common factor of 192 and 24.
24
Calculate the greatest common divisor of 606 and 174.
6
What is the greatest common factor of 968 and 2783?
121
What is the highest common factor of 2390 and 40?
10
What is the highest common divisor of 4 and 2535?
1
What is the highest common factor of 8771 and 7?
7
What is the greatest common divisor of 10434 and 1110?
222
What is the greatest common factor of 1092 and 56?
28
What is the highest common divisor of 148 and 1739?
37
Calculate the greatest common factor of 98 and 6.
2
Calculate the greatest common factor of 90 and 20070.
90
Calculate the highest common divisor of 2 and 2.
2
Calculate the greatest common divisor of 1495 and 15.
5
What is the highest common divisor of 110 and 935?
55
What is the highest common divisor of 5034 and 6?
6
Calculate the greatest common divisor of 481 and 13.
13
Calculate the greatest common divisor of 3551 and 106.
53
Calculate the greatest common factor of 544 and 68.
68
What is the highest common factor of 47916 and 72?
36
What is the highest common factor of 21582 and 198?
198
What is the highest common divisor of 128 and 80?
16
What is the highest common divisor of 37094 and 34?
34
What is the greatest common factor of 148 and 25678?
74
What is the highest common divisor of 595 and 315?
35
Calculate the highest common divisor of 2367 and 153.
9
Calculate the highest common factor of 1448 and 8.
8
Calculate the highest common divisor of 666 and 54.
18
Calculate the greatest common factor of 68 and 17.
17
What is the highest common factor of 25972 and 172?
172
What is the highest common factor of 688 and 80?
16
What is the highest common divisor of 2 and 802?
2
Calculate the highest common factor of 42 and 6.
6
Calculate the greatest common factor of 3510 and 36.
18
Calculate the highest common factor of 85 and 1343.
17
Calculate the greatest common factor of 224 and 70.
14
Calculate the greatest common factor of 28 and 10682.
14
What is the highest common factor of 3965 and 195?
65
Calculate the greatest common divisor of 1620 and 1134.
162
What is the highest common divisor of 38406 and 444?
222
What is the highest common factor of 352 and 11?
11
Calculate the greatest common divisor of 207 and 161.
23
Calculate the highest common factor of 39 and 101166.
39
What is the highest common divisor of 276 and 1748?
92
What is the greatest common divisor of 77 and 1023?
11
Calculate the greatest common divisor of 1648 and 80.
16
Calculate the greatest common divisor of 38 and 4750.
38
What is the highest common divisor of 392 and 42140?
196
What is the greatest common factor of 8 and 25024?
8
Calculate the greatest common factor of 448 and 1400.
56
What is the greatest common factor of 9 and 549?
9
Calculate the greatest common factor of 153 and 221.
17
Calculate the greatest common factor of 6 and 129.
3
What is the highest common factor of 104 and 26?
26
Calculate the highest common divisor of 52 and 676.
52
What is the highest common divisor of 343 and 147?
49
What is the greatest common divisor of 41 and 5617?
41
What is the highest common divisor of 17 and 833?
17
What is the highest common factor of 6867 and 63?
63
Calculate the greatest common factor of 524 and 12.
4
What is the highest common factor of 760 and 285?
95
Calculate the greatest common factor of 2864 and 16.
16
Calculate the highest common divisor of 32112 and 288.
144
What is the greatest common divisor of 6 and 19398?
6
Calculate the greatest common factor of 280 and 7112.
56
What is the highest common divisor of 20820 and 24?
12
Calculate the highest common divisor of 128 and 5696.
64
What is the highest common factor of 126 and 558?
18
What is the greatest common factor of 130 and 26?
26
What is the highest common factor of 10586 and 134?
134
What is the highest common factor of 267 and 9879?
267
Calculate the highest common divisor of 650 and 16.
2
Calculate the greatest common divisor of 37 and 5069.
37
Calculate the highest common divisor of 848 and 318.
106
Calculate the highest common factor of 32 and 40.
8
Calculate the greatest common factor of 15 and 1740.
15
What is the greatest common factor of 49 and 196?
49
Calculate the highest common factor of 1000 and 24.
8
What is the highest common factor of 108 and 22167?
27
What is the highest common divisor of 1428 and 12?
12
What is the greatest common divisor of 1254 and 76?
38
What is the highest common factor of 64 and 1?
1
What is the greatest common factor of 231 and 84?
21
Calculate the highest common factor of 26 and 1066.
26
Calculate the highest common divisor of 497 and 71.
71
What is the greatest common divisor of 882 and 252?
126
What is the greatest common divisor of 3630 and 360?
30
Calculate the highest common divisor of 184 and 506.
46
What is the greatest common divisor of 220 and 44?
44
What is the greatest common divisor of 102 and 24?
6
Calculate the greatest common factor of 2774 and 1533.
73
Calculate the greatest common divisor of 76 and 1862.
38
Calculate the greatest common divisor of 112 and 2496.
16
Calculate the greatest common divisor of 220 and 748.
44
Calculate the greatest common divisor of 12 and 734.
2
What is the greatest common divisor of 119 and 3213?
119
What is the highest common divisor of 3523 and 39?
13
Calculate the greatest common divisor of 1224 and 288.
72
What is the highest common factor of 42 and 154?
14
What is the highest common factor of 42 and 798?
42
What is the highest common divisor of 6 and 12594?
6
What is the highest common factor of 1064 and 168?
56
What is the highest common divisor of 42 and 3186?
6
Calculate the greatest common factor of 76 and 12.
4
What is the greatest common divisor of 77 and 203?
7
What is the greatest common factor of 16 and 142?
2
What is the highest common divisor of 428 and 12?
4
Calculate the highest common factor of 8 and 40.
8
Calculate the highest common factor of 720 and 300.
60
Calculate the highest common divisor of 78 and 3939.
39
What is the greatest common divisor of 5982 and 18?
6
Calculate the highest common divisor of 68 and 188.
4
Calculate the greatest common divisor of 14 and 119.
7
What is the greatest common divisor of 95 and 